ctors of 421843.
23, 18341
List the prime factors of 6426487.
29, 221603
List the prime factors of 15528586.
2, 19, 41, 9967
List the prime factors of 437926.
2, 218963
List the prime factors of 191530.
2, 5, 107, 179
List the prime factors of 1157121.
3, 7, 18367
What are the prime factors of 36482267?
36482267
What are the prime factors of 52738?
2, 7, 3767
What are the prime factors of 4601157?
3, 11, 139429
List the prime factors of 65339.
223, 293
List the prime factors of 199856.
2, 12491
List the prime factors of 506593.
506593
What are the prime factors of 68619?
3, 89, 257
What are the prime factors of 104776?
2, 7, 1871
List the prime factors of 496246.
2, 281, 883
What are the prime factors of 11482292?
2, 2870573
List the prime factors of 518237.
518237
What are the prime factors of 372635?
5, 74527
List the prime factors of 479663.
31, 15473
List the prime factors of 28122.
2, 3, 43, 109
What are the prime factors of 261799?
261799
List the prime factors of 110002.
2, 55001
List the prime factors of 3196866.
2, 3, 532811
What are the prime factors of 1190343?
3, 7, 11, 5153
List the prime factors of 5641145.
5, 503, 2243
List the prime factors of 4739658.
2, 3, 7, 11, 10259
What are the prime factors of 844501?
7, 223, 541
List the prime factors of 3772569.
3, 67, 137
List the prime factors of 69899.
69899
What are the prime factors of 793745?
5, 158749
What are the prime factors of 5439716?
2, 41, 809
What are the prime factors of 643812?
2, 3, 13, 4127
What are the prime factors of 23903256?
2, 3, 13, 23, 3331
List the prime factors of 17407305.
3, 5, 14327
What are the prime factors of 72178?
2, 151, 239
What are the prime factors of 321384?
2, 3, 7, 1913
List the prime factors of 3955192.
2, 19, 26021
List the prime factors of 1193529.
3, 461, 863
List the prime factors of 12928949.
11, 19, 61861
List the prime factors of 206954.
2, 11, 23, 409
List the prime factors of 212498.
2, 11, 13, 743
List the prime factors of 1711787.
7, 11, 43, 47
List the prime factors of 72868.
2, 18217
List the prime factors of 256370.
2, 5, 31, 827
List the prime factors of 2870362.
2, 11, 29, 409
List the prime factors of 665816.
2, 83227
List the prime factors of 1479054.
2, 3, 246509
What are the prime factors of 2455856?
2, 13, 11807
List the prime factors of 28873757.
11, 571, 4597
List the prime factors of 998511.
3, 332837
What are the prime factors of 3305209?
3305209
What are the prime factors of 572010?
2, 3, 5, 23, 829
List the prime factors of 9322541.
53, 175897
List the prime factors of 1298168.
2, 263, 617
List the prime factors of 6301066.
2, 227, 13879
What are the prime factors of 338721?
3, 23, 4909
What are the prime factors of 10483?
11, 953
List the prime factors of 190111.
17, 53, 211
What are the prime factors of 9280198?
2, 17, 73, 3739
What are the prime factors of 458890?
2, 5, 109, 421
List the prime factors of 601255.
5, 19, 6329
What are the prime factors of 642044?
2, 13, 12347
What are the prime factors of 61709?
23, 2683
List the prime factors of 5105433.
3, 19, 43, 2083
What are the prime factors of 2765508?
2, 3, 317, 727
List the prime factors of 9810626.
2, 7, 700759
List the prime factors of 20058.
2, 3, 3343
What are the prime factors of 361160?
2, 5, 9029
List the prime factors of 26879968.
2, 839999
What are the prime factors of 19021352?
2, 7, 31, 10957
List the prime factors of 188276.
2, 11, 389
What are the prime factors of 5249898?
2, 3, 291661
What are the prime factors of 1067525?
5, 42701
List the prime factors of 2108174.
2, 229, 4603
What are the prime factors of 154400?
2, 5, 193
List the prime factors of 9396664.
2, 1174583
What are the prime factors of 14893446?
2, 3, 701, 3541
List the prime factors of 6544801.
6544801
What are the prime factors of 29318790?
2, 3, 5, 23, 42491
List the prime factors of 6472705.
5, 331, 3911
List the prime factors of 364550.
2, 5, 23, 317
What are the prime factors of 8975742?
2, 3, 151, 9907
List the prime factors of 193909.
211, 919
List the prime factors of 54532.
2, 13633
List the prime factors of 1816264.
2, 23, 9871
What are the prime factors of 323271?
3, 13, 307
What are the prime factors of 2713307?
449, 6043
List the prime factors of 830862.
2, 3, 31, 1489
List the prime factors of 9298024.
2, 1162253
What are the prime factors of 1046?
2, 523
What are the prime factors of 58019?
13, 4463
What are the prime factors of 2037126?
2, 3, 7, 13, 41
What are the prime factors of 51951?
3, 17317
What are the prime factors of 608492?
2, 152123
What are the prime factors of 1545016?
2, 11, 97, 181
List the prime factors of 25780295.
5, 5156059
List the prime factors of 393462.
2, 3, 21859
List the prime factors of 1549082.
2, 774541
What are the prime factors of 7736221?
547, 14143
List the prime factors of 339329.
29, 11701
List the prime factors of 1038917.
11, 94447
What are the prime factors of 10794769?
71, 152039
List the prime factors of 18943278.
2, 3, 3157213
List the prime factors of 87766.
2, 7, 6269
What are the prime factors of 98823?
3, 32941
List the prime factors of 3818274.
2, 3, 149, 4271
List the prime factors of 23930388.
2, 3, 31, 41, 523
What are the prime factors of 1471912?
2, 13, 14153
List the prime factors of 41402492.
2, 10350623
What are the prime factors of 2031166?
2, 461, 2203
List the prime factors of 2297698.
2, 13, 67, 1319
List the prime factors of 8207778.
2, 3, 1367963
List the prime factors of 488786.
2, 244393
List the prime factors of 145703.
145703
What are the prime factors of 19730975?
5, 11, 157, 457
List the prime factors of 355860.
2, 3, 5, 659
List the prime factors of 129322.
2, 64661
What are the prime factors of 13413273?
3, 41, 167, 653
What are the prime factors of 2092885?
5, 23, 18199
What are the prime factors of 2847058?
2, 17, 83737
List the prime factors of 2451374.
2, 1225687
What are the prime factors of 443553?
3, 11, 13441
List the prime factors of 2447834.
2, 1009, 1213
List the prime factors of 127340.
2, 5, 6367
What are the prime factors of 23162265?
3, 5, 7, 23, 139
List the prime factors of 3244959.
3, 360551
List the prime factors of 641971.
11, 17, 3433
List the prime factors of 26760.
2, 3, 5, 223
What are the prime factors of 2159780?
2, 5, 7, 15427
List the prime factors of 13377794.
2, 37, 293, 617
What are the prime factors of 927043?
13, 29, 2459
What are the prime factors of 9954708?
2, 3, 19, 43661
List the prime factors of 2472167.
2472167
List the prime factors of 7100177.
7, 769, 1319
What are the prime factors of 212758?
2, 7, 13, 167
List the prime factors of 2423874.
2, 3, 403979
List the prime factors of 3026725.
5, 13, 67, 139
List the prime factors of 1029040.
2, 5, 19, 677
List the prime factors of 18831465.
3, 5, 107, 3911
List the prime factors of 2684305.
5, 13, 61, 677
List the prime factors of 2630262.
2, 3, 438377
What are the prime factors of 6737746?
2, 17, 11657
What are the prime factors of 94713?
3, 131, 241
List the prime factors of 3026037.
3, 7, 103, 1399
What are the prime factors of 209383?
37, 5659
What are the prime factors of 203468?
2, 50867
What are the prime factors of 31653193?
11, 13, 17027
What are the prime factors of 40168304?
2, 11, 23, 9923
What are the prime factors of 28435268?
2, 23, 309079
What are the prime factors of 83444?
2, 23, 907
What are the prime factors of 5814796?
2, 13, 67, 1669
List the prime factors of 371567.
7, 7583
List the prime factors of 7823873.
31, 252383
List the prime factors of 3788579.
421, 8999
List the prime factors of 2718521.
13, 17, 12301
What are the prime factors of 1116019?
67, 16657
List the prime factors of 3734471.
13, 103, 2789
What are the prime factors of 65045?
5, 13009
What are the prime factors of 11936844?
2, 3, 331579
What are the prime factors of 85497?
3, 28499
What are the prime factors of 228052?
2, 11, 71, 73
List the prime factors of 532914.
2, 3, 88819
List the prime factors of 1216594.
2, 608297
What are the prime factors of 58330?
2, 5, 19, 307
List the prime factors of 12693545.
5, 2538709
List the prime factors of 472269.
3, 7, 43, 523
What are the prime factors of 2965171?
11, 269561
List the prime factors of 18059330.
2, 5, 37, 48809
What are the prime factors of 5560?
2, 5, 139